- i, -11 = -2*l - l + q. Let m(b) = 2*b - 5. Determine m(l).
3
Let s(o) = o**2 - 7*o + 3. Let w be 24/(-20) + 164/20. Give s(w).
3
Let m(p) be the third derivative of p**4/6 - p**3 + p**2. Suppose -17*c - 12 = -20*c. Suppose 0 = 2*j + c*o - 14, -j - 1 = -2*j + 4*o. What is m(j)?
14
Let i = -6 + 8. Let v(z) = z + 2*z**i - 7*z + z**3 + 6*z - 1. Give v(-1).
0
Suppose 4*s + 56 = -4*s. Let w(i) be the second derivative of -i**5/20 - i**4/2 + 5*i**3/6 - 7*i**2/2 - 7*i. Give w(s).
7
Let z(n) = -4*n**2 + 10*n + 2. Let t(x) be the second derivative of -x**4/12 + x**3/6 + 21*x. Let i(a) = 5*t(a) - z(a). Determine i(-5).
-2
Let x be 32 + (18/6 - 4). Let t(c) = -c**3 + 1 - 34*c**2 - x*c**2 + 63*c**2. Determine t(-3).
10
Suppose -5*i + o - 4*o + 21 = 0, -5*i = -4*o - 7. Let s(n) be the first derivative of -1/3*n**i - 9 + 4*n - n**2. Calculate s(3).
-11
Let v(s) be the third derivative of -s**5/60 + 5*s**4/6 - 9*s**3 - 484*s**2. Give v(17).
-3
Let n(a) = -6*a**2 - 2*a - 1. Suppose -8*q + 5 - 13 = 0. Let i(w) = -w - 1. Let h(k) = q*n(k) + 2*i(k). Give h(-1).
5
Let k(i) = -4 + 5 - 3 + 0 + i. Calculate k(-2).
-4
Let f(m) = m**3 + m**2 + 13. Let v be f(-3). Let u(w) be the third derivative of -w**6/120 - w**5/10 - w**4/6 + w**3/3 - 3*w**2. Determine u(v).
-3
Let q(n) = n - 2. Let o(g) = g. Let v(k) = -4*o(k) + 5*q(k). What is v(0)?
-10
Let v(g) = -10*g + 55. Let f be v(5). Let s(k) be the third derivative of 0 + 5*k**2 - 1/60*k**f + 1/120*k**6 + 0*k**4 - 5/3*k**3 + 0*k. What is s(0)?
-10
Let a(j) = 6*j**2 - 8*j - 2. Let l(w) = w**2 + w. Let f(i) = -a(i) - 5*l(i). What is f(-1)?
-12
Let s(y) = y**2 - 2*y + 1. Let q(g) = 8*g**2 - 8*g. Let b(u) = -q(u) + 6*s(u). What is b(-5)?
-24
Let h(z) = 3*z - 27. Suppose -39*b + 17 = -334. Give h(b).
0
Let r(v) = -v**2 + 10*v - 4. Let k be r(9). Suppose 3*p - k*l + 7 + 4 = 0, -l + 4 = 0. Let a(s) = s**3 - 3*s**2 - s + 4. Calculate a(p).
1
Suppose -13*d + 20 = 5*p - 11*d, 5*p - 20 = -3*d. Let j(r) = 2*r**2 - 3*r - 2. Determine j(p).
18
Let x(n) = -n**3 - n**2 - n - 11. Let c = -9 - -11. Let i be 0/((c + 6)/4). Calculate x(i).
-11
Let t(w) = 13*w**3 + 17*w**2 - 5*w + 1. Let m(u) = -7*u**3 - 9*u**2 + 2*u - 1. Let b(a) = 11*m(a) + 6*t(a). What is b(-5)?
-15
Let j(p) = 7*p + 16. Let m(d) = -d. Let b(l) = -j(l) - 6*m(l). Calculate b(-7).
-9
Let s = 108 - 99. Let m(a) = a**2 - 5*a - 9. Let d be m(7). Let t(w) = w + 4 + 3 + s - d. Calculate t(0).
11
Let o(b) = -b**3 + 6*b**2 - 4*b + 1. Suppose 181 = 13*y + 129. Give o(y).
17
Let t(l) = l**3 - 6*l**2 - 7*l + 2. Suppose 4*m - 4*r - 30 = -m, m = -4*r - 18. Suppose 5*y - 2*q + 7*q = 15, -2*y - 3*q + m = 0. Determine t(y).
2
Let o = -11 - -20. Let f be -2*o*17/(-51). Let u(g) = -g**3 + 8*g**2 + 10*g - 2. Let h(v) = v**3 - 9*v**2 - 11*v + 3. Let z(r) = -3*h(r) - 4*u(r). What is z(f)?
-7
Let d(l) = -2*l - 10. Let r = 490 + -495. Calculate d(r).
0
Suppose 56 = -16*g + 20*g. Let z(m) = -m + 18. What is z(g)?
4
Suppose -3*a + 25 = -4*v, 4*v - 31 = 5*a - 10*a. Let x(l) = -l + 13. Give x(a).
6
Suppose 2*k = 5*s + 76, -5*k + 124 = s + 3*s. Let t be 4/k + (-68)/(-14). Let l(v) = 3*v + 1 + v - t*v + 2*v. What is l(5)?
6
Suppose 2*g = 5*v - 28, -287*g = -2*v - 285*g + 10. Let d(o) = -o**3 + 6*o**2 - 4*o + 8. Determine d(v).
-16
Let v(b) = 13*b**2 - 1. Suppose d = 5*q + 11 - 21, -2*q = -d - 7. Determine v(q).
12
Let c(k) = 5*k - 1. Let q(v) = -6*v + 1. Let y(d) = 4*c(d) + 3*q(d). Suppose 0 = 4*w - p - 1 + 11, 3*w = -3*p. Calculate y(w).
-5
Let z(o) = -2*o + 1. Let g(x) = x**2 - 15*x + 2. Let c(m) = g(m) - 5*z(m). What is c(5)?
-3
Suppose -2*b - 3 = -9. Suppose 4*i + o = 8, 4 = -4*i - 7*o + b*o. Let x(n) = 4*n**i - 4*n**3 + 4*n**3 - 4*n + 2 - 5*n**2 - 5*n**3. What is x(-4)?
2
Let d(j) be the second derivative of -5*j**3/6 - j**2/2 + 3*j - 11. What is d(-4)?
19
Let x(p) be the third derivative of -p**4/24 - 2*p**3/3 - 321*p**2. Suppose 2*a + 10 = -4*h, 2*a + 7 = -3*h - 0*a. Let r be (-2)/(h + 21/9). What is x(r)?
-7
Let u be 0 + 10/(-8)*-4. Let m(k) = -7*k + 0*k**2 - 15 + u + 14 + k**2. Give m(5).
-6
Let b = -15281 - -15278. Suppose 5*y - 10 = -0. Let g(z) = 2*z - 2 + z**3 + 4 + 3*z**y - 4*z. What is g(b)?
8
Let x(l) = -l**3 + 17*l**2 + l - 21. Let f be x(17). Let z(c) = 5 - c + 0 - 2 + 2. What is z(f)?
9
Let x(h) = -13*h - 16*h - 6*h**2 - 11*h - h**3 + 58*h - 15*h + 15. Determine x(-6).
-3
Let c = -35 + 38. Let x(d) = -4 - 5*d + d + c*d. Give x(-3).
-1
Let z be 8 + 16/((-384)/180). Let j(x) be the third derivative of 0*x + 0 + 9*x**2 + z*x**3 - 1/12*x**4. Determine j(2).
-1
Let a(h) be the third derivative of h**7/560 + 29*h**5/60 + 26*h**2. Let l(g) be the third derivative of a(g). Determine l(-1).
-9
Let g(q) = -10*q - 5. Suppose -37*z - 5*v - 11 = -36*z, -v - 23 = -5*z. Calculate g(z).
-45
Let p(y) = -9*y**3 - 2*y**2 + y. Let c be (138/9)/(3/(-9)). Let d = c + 47. Give p(d).
-10
Let h(k) be the first derivative of -k**6/360 + k**5/15 - 7*k**4/24 - k**3/3 - 11. Let n(c) be the third derivative of h(c). Calculate n(5).
8
Let z(u) = -2*u**3 + u**2 + 2*u. Suppose 18*f = -25 - 11. Calculate z(f).
16
Let j(m) = 11*m + 3. Let t(a) = -17*a - 5. Let f(z) = -7*j(z) - 4*t(z). What is f(-2)?
17
Let q = 1 - 3. Let b(s) be the second derivative of s**5/20 + s**4/12 - s**3/6 + s**2 + 6*s. What is b(q)?
0
Let l(r) = -r**3 + 5*r**2 - 3*r - 5. Let i(d) = -d**3 + 7*d**2 - 4*d - 4. Let o(u) = -3*i(u) + 4*l(u). Give o(0).
-8
Let v = 617/6 - 102. Let g(a) be the third derivative of -1/60*a**5 + 0 + v*a**3 + 0*a - a**2 + 1/6*a**4. Give g(4).
5
Suppose 4*s + 81 = -a, -126*s + 4*a - 33 = -125*s. Let r(h) = h + 28. Give r(s).
7
Let j(s) be the first derivative of -17*s**2/2 - 16*s + 13. Let c(p) = -6*p - 5. Let l(g) = -11*c(g) + 4*j(g). Give l(-7).
5
Let p be 294/77 + (-4)/(-22). Let m be p/(-16) - 54/8. Let l = m + 11. Let a(j) = j**2 - j + 2. Determine a(l).
14
Let m(w) be the third derivative of w**4/8 + 44*w**2. Let c be 2 + 2 - (1 - 3). Let v = c - 8. Give m(v).
-6
Let d(v) be the third derivative of -v**5/60 - 3*v**4/8 - 4*v**3 - 2*v**2 + 268*v. What is d(-6)?
-6
Let b(w) = 2*w**3 + 10*w**2 + 6 - w**3 - 3*w**2 + 6*w. Let l = 0 - -20. Let y = -26 + l. What is b(y)?
6
Suppose 33*h - 28*h = 45. Let r(p) = h*p - 4*p - 4*p - 1. What is r(-8)?
-9
Let s(x) = -7*x**3 + x + 1. Let o be s(-1). Let i(z) = z - 2 - o*z - z. Let j(r) = -15*r - 5. Let f(m) = -5*i(m) + 2*j(m). What is f(1)?
5
Let p(u) = -u**3 - 10*u**2 - 13*u - 8. Let i = -31 + 35. Suppose -7*m + 4*k - 32 = -4*m, -2*m + i*k - 24 = 0. Give p(m).
-32
Let o = 5 + -1. Suppose 0 = m - 2, -2*b = -o*b + 5*m - 22. Let h be (4 - 1)*(-10)/b. Let s(l) = -l**2 + 6*l - 4. Determine s(h).
1
Let z(m) = -8*m - 3. Let d(i) = 8*i + 4. Let k be 8/4*9/(-6). Let g(f) = k*d(f) - 4*z(f). What is g(1)?
8
Suppose -2*d + 4 = -d, 0 = -2*p - 5*d + 10. Let t(b) = -4*b + 5*b**3 + 3 - 6*b**3 + 4*b**3 + 4*b**2 - 2*b**3 + 3. Calculate t(p).
1
Let j be (-3)/(-5) - (-4)/10. Let h(d) = 5*d**3 - 4*d**2 + 3. Let m(l) = -6*l**3 + 6*l**2 - 4. Let i(v) = -3*h(v) - 2*m(v). Determine i(j).
-4
Let w = 542 - 534. Let o(v) = -v**3 + 8*v**2 + v - 6. Give o(w).
2
Suppose 0 = -2*p + 4*p - 6. Let g be 7*(-1 + p + -3). Let j(c) be the first derivative of -c**4/4 - 2*c**3 + 3*c**2 - 6*c + 1. Calculate j(g).
1
Let o(c) be the first derivative of c**3/3 + 3*c**2/2 - 3*c - 2. Let y be 3/15 - (-7)/(-35). Let n be y/1 + -2 + 4. What is o(n)?
7
Suppose 5*v = 2*b - 16, 6*b - 3*b - 19 = 5*v. Let o be v/(((-10)/15)/(-2)). Let j(f) = f + 1 + 2 - 1. What is j(o)?
-4
Let c(h) = -304*h**2 + 15*h**3 + 305*h**2 + h**3. Suppose 5 = 5*w - 5. Suppose 0 = -2*z - 0*z - w. Determine c(z).
-15
Let x(b) = 43*b - 18 - 14*b - 18*b - 14*b. What is x(-6)?
0
Let y(m) be the third derivative of 0*m**3 - 5/24*m**4 + 0 + 0*m - 14*m**2. Determine y(-2).
10
Let c(h) = -2*h**2 - 18*h - 12. Let m be c(-8). Suppose -5*n + m = 29. Let x(g) = -g**2 - 8*g - 6. Determine x(n).
9
Let i be 4/(-14) - (-18)/14. Let n(s) be the first derivative of s**4/4 - s**3/3 + s**2/2 + 2187. Calculate n(i).
1
Let z(d) = 15*d**2 + 5*d - 29*d**2 + 9*d**2 + 1 + 6*d**2. Calculate z(-6).
7
Let i be (-2)/6 - 1175/75. Let y(g) = g + 18. Calculate y(i).
2
Let f be (-37)/2 - (1 + 15/(-10)). Suppose -4*p = 45 + 11. Let o = f - p. Let t(s) = s**3 + 4*s**2 - s - 4. Calculate t(o).